{"id":393,"date":"2021-03-08T09:01:41","date_gmt":"2021-03-08T06:01:41","guid":{"rendered":"http:\/\/candanhukuk.com\/index.php\/about\/"},"modified":"2021-12-22T16:50:15","modified_gmt":"2021-12-22T13:50:15","slug":"hakkimizda","status":"publish","type":"page","link":"https:\/\/candanhukuk.com\/index.php\/hakkimizda\/","title":{"rendered":"Hakk\u0131m\u0131zda"},"content":{"rendered":"\t\t<div data-elementor-type=\"wp-page\" data-elementor-id=\"393\" class=\"elementor elementor-393\" data-elementor-settings=\"[]\">\n\t\t\t\t\t\t\t<div class=\"elementor-section-wrap\">\n\t\t\t\t\t\t\t<section class=\"elementor-section elementor-top-section elementor-element elementor-element-93488aa elementor-section-boxed elementor-section-height-default elementor-section-height-default\" data-id=\"93488aa\" data-element_type=\"section\" data-settings=\"{&quot;background_background&quot;:&quot;classic&quot;}\">\n\t\t\t\t\t\t\t<div class=\"elementor-background-overlay\"><\/div>\n\t\t\t\t\t\t\t<div class=\"elementor-container elementor-column-gap-no\">\n\t\t\t\t\t<div class=\"elementor-column elementor-col-100 elementor-top-column elementor-element elementor-element-0c95332\" data-id=\"0c95332\" data-element_type=\"column\">\n\t\t\t<div class=\"elementor-widget-wrap elementor-element-populated\">\n\t\t\t\t\t\t\t\t<div class=\"elementor-element elementor-element-d82acff elementor-widget elementor-widget-heading\" data-id=\"d82acff\" data-element_type=\"widget\" data-widget_type=\"heading.default\">\n\t\t\t\t<div class=\"elementor-widget-container\">\n\t\t\t<style>\/*! elementor - v3.5.1 - 20-12-2021 *\/\n.elementor-heading-title{padding:0;margin:0;line-height:1}.elementor-widget-heading .elementor-heading-title[class*=elementor-size-]>a{color:inherit;font-size:inherit;line-height:inherit}.elementor-widget-heading .elementor-heading-title.elementor-size-small{font-size:15px}.elementor-widget-heading .elementor-heading-title.elementor-size-medium{font-size:19px}.elementor-widget-heading .elementor-heading-title.elementor-size-large{font-size:29px}.elementor-widget-heading .elementor-heading-title.elementor-size-xl{font-size:39px}.elementor-widget-heading .elementor-heading-title.elementor-size-xxl{font-size:59px}<\/style><h1 class=\"elementor-heading-title elementor-size-default\">Hakk\u0131m\u0131zda<\/h1>\t\t<\/div>\n\t\t\t\t<\/div>\n\t\t\t\t\t<\/div>\n\t\t<\/div>\n\t\t\t\t\t\t\t<\/div>\n\t\t<\/section>\n\t\t\t\t<section class=\"elementor-section elementor-top-section elementor-element elementor-element-37ca11b elementor-section-boxed elementor-section-height-default elementor-section-height-default\" data-id=\"37ca11b\" data-element_type=\"section\">\n\t\t\t\t\t\t<div class=\"elementor-container elementor-column-gap-default\">\n\t\t\t\t\t<div class=\"elementor-column elementor-col-100 elementor-top-column elementor-element elementor-element-4c773cd\" data-id=\"4c773cd\" data-element_type=\"column\">\n\t\t\t<div class=\"elementor-widget-wrap elementor-element-populated\">\n\t\t\t\t\t\t\t\t<section class=\"elementor-section elementor-inner-section elementor-element elementor-element-e0d2508 elementor-section-content-middle elementor-section-boxed elementor-section-height-default elementor-section-height-default\" data-id=\"e0d2508\" data-element_type=\"section\">\n\t\t\t\t\t\t<div class=\"elementor-container elementor-column-gap-no\">\n\t\t\t\t\t<div class=\"elementor-column elementor-col-50 elementor-inner-column elementor-element elementor-element-962ba13\" data-id=\"962ba13\" data-element_type=\"column\">\n\t\t\t<div class=\"elementor-widget-wrap elementor-element-populated\">\n\t\t\t\t\t\t\t\t<div class=\"elementor-element elementor-element-703c0e0 elementor-widget elementor-widget-image\" data-id=\"703c0e0\" data-element_type=\"widget\" data-widget_type=\"image.default\">\n\t\t\t\t<div class=\"elementor-widget-container\">\n\t\t\t<style>\/*! elementor - v3.5.1 - 20-12-2021 *\/\n.elementor-widget-image{text-align:center}.elementor-widget-image a{display:inline-block}.elementor-widget-image a img[src$=\".svg\"]{width:48px}.elementor-widget-image img{vertical-align:middle;display:inline-block}<\/style>\t\t\t\t\t\t\t\t\t\t\t\t<img loading=\"lazy\" decoding=\"async\" width=\"1709\" height=\"2560\" src=\"https:\/\/candanhukuk.com\/wp-content\/uploads\/2021\/12\/pexels-pavel-danilyuk-8112195-1-scaled.jpg\" class=\"attachment-full size-full\" alt=\"\" srcset=\"https:\/\/candanhukuk.com\/wp-content\/uploads\/2021\/12\/pexels-pavel-danilyuk-8112195-1-scaled.jpg 1709w, https:\/\/candanhukuk.com\/wp-content\/uploads\/2021\/12\/pexels-pavel-danilyuk-8112195-1-200x300.jpg 200w, https:\/\/candanhukuk.com\/wp-content\/uploads\/2021\/12\/pexels-pavel-danilyuk-8112195-1-684x1024.jpg 684w, https:\/\/candanhukuk.com\/wp-content\/uploads\/2021\/12\/pexels-pavel-danilyuk-8112195-1-768x1150.jpg 768w, https:\/\/candanhukuk.com\/wp-content\/uploads\/2021\/12\/pexels-pavel-danilyuk-8112195-1-1025x1536.jpg 1025w, https:\/\/candanhukuk.com\/wp-content\/uploads\/2021\/12\/pexels-pavel-danilyuk-8112195-1-1367x2048.jpg 1367w\" sizes=\"auto, (max-width: 1709px) 100vw, 1709px\" \/>\t\t\t\t\t\t\t\t\t\t\t\t\t\t\t<\/div>\n\t\t\t\t<\/div>\n\t\t\t\t\t<\/div>\n\t\t<\/div>\n\t\t\t\t<div class=\"elementor-column elementor-col-50 elementor-inner-column elementor-element elementor-element-f76d4c2\" data-id=\"f76d4c2\" data-element_type=\"column\">\n\t\t\t<div class=\"elementor-widget-wrap elementor-element-populated\">\n\t\t\t\t\t\t\t\t<div class=\"elementor-element elementor-element-aa6fd25 elementor-widget elementor-widget-heading\" data-id=\"aa6fd25\" data-element_type=\"widget\" data-widget_type=\"heading.default\">\n\t\t\t\t<div class=\"elementor-widget-container\">\n\t\t\t<h6 class=\"elementor-heading-title elementor-size-default\">Hakk\u0131m\u0131zda<\/h6>\t\t<\/div>\n\t\t\t\t<\/div>\n\t\t\t\t<div class=\"elementor-element elementor-element-8ec6fda elementor-widget elementor-widget-heading\" data-id=\"8ec6fda\" data-element_type=\"widget\" data-widget_type=\"heading.default\">\n\t\t\t\t<div class=\"elementor-widget-container\">\n\t\t\t<h2 class=\"elementor-heading-title elementor-size-default\">Candan Hukuk ve Dan\u0131\u015fmanl\u0131k B\u00fcrosu<\/h2>\t\t<\/div>\n\t\t\t\t<\/div>\n\t\t\t\t<div class=\"elementor-element elementor-element-2ab9de1 elementor-widget elementor-widget-text-editor\" data-id=\"2ab9de1\" data-element_type=\"widget\" data-widget_type=\"text-editor.default\">\n\t\t\t\t<div class=\"elementor-widget-container\">\n\t\t\t<style>\/*! elementor - v3.5.1 - 20-12-2021 *\/\n.elementor-widget-text-editor.elementor-drop-cap-view-stacked .elementor-drop-cap{background-color:#818a91;color:#fff}.elementor-widget-text-editor.elementor-drop-cap-view-framed .elementor-drop-cap{color:#818a91;border:3px solid;background-color:transparent}.elementor-widget-text-editor:not(.elementor-drop-cap-view-default) .elementor-drop-cap{margin-top:8px}.elementor-widget-text-editor:not(.elementor-drop-cap-view-default) .elementor-drop-cap-letter{width:1em;height:1em}.elementor-widget-text-editor .elementor-drop-cap{float:left;text-align:center;line-height:1;font-size:50px}.elementor-widget-text-editor .elementor-drop-cap-letter{display:inline-block}<\/style>\t\t\t\t<p>CANDAN Hukuk B\u00fcrosu, 1997 y\u0131l\u0131ndan beri Ankara merkezli olarak faaliyet g\u00f6stermekte olup yurt i\u00e7inde ve yurt d\u0131\u015f\u0131nda m\u00fcvekkillerine avukatl\u0131k ve hukuki dan\u0131\u015fmanl\u0131k hizmeti vermektedir. Bug\u00fcn itibari ile y\u00fczlerce derdest dava dosyam\u0131z, uyu\u015fmazl\u0131k \u00e7\u00f6z\u00fcm\u00fc ve kurumsal dan\u0131\u015fmanl\u0131k hizmeti verdi\u011fimiz \u015firket, kooperatif ve vak\u0131flar\u0131m\u0131zla birlikte \u00e7al\u0131\u015fmalar\u0131m\u0131z\u0131 y\u00fcr\u00fctmekteyiz. Uzman kadromuz taraf\u0131ndan, hukuk anlay\u0131\u015f\u0131m\u0131z ve sahip oldu\u011fumuz de\u011ferler \u00e7er\u00e7evesinde, m\u00fcvekkillerimizin ya\u015fad\u0131\u011f\u0131 uyu\u015fmazl\u0131klara ak\u0131lc\u0131 ve pratik \u00e7\u00f6z\u00fcmler \u00fcretilmektedir. Bu hedefte, g\u00fcncel kanun de\u011fi\u015fiklikleri ve y\u00fcksek mahkeme kararlar\u0131 g\u00fcnl\u00fck bir \u015fekilde takip edilmekle birlikte m\u00fcvekkillerimizin hak kayb\u0131na u\u011framamalar\u0131 ad\u0131na yo\u011fun \u00e7aba sarf edilmektedir. Avukatlar\u0131m\u0131z, yetkin ve farkl\u0131 alanlarda tecr\u00fcbe sahibi olup, tam donan\u0131ma sahiplerdir. M\u00fcvekkillerimize g\u00fcncel hukuk bilgimize ve tecr\u00fcbelerimize dayanarak \u00e7\u00f6z\u00fcm odakl\u0131 hukuki hizmet sunabiliyor olmakla gurur duymaktay\u0131z.<\/p>\t\t\t\t\t\t<\/div>\n\t\t\t\t<\/div>\n\t\t\t\t\t<\/div>\n\t\t<\/div>\n\t\t\t\t\t\t\t<\/div>\n\t\t<\/section>\n\t\t\t\t\t<\/div>\n\t\t<\/div>\n\t\t\t\t\t\t\t<\/div>\n\t\t<\/section>\n\t\t\t\t\t\t<\/div>\n\t\t\t\t\t<\/div>\n\t\t","protected":false},"excerpt":{"rendered":"<p>Hakk\u0131m\u0131zda Hakk\u0131m\u0131zda Candan Hukuk ve Dan\u0131\u015fmanl\u0131k B\u00fcrosu CANDAN Hukuk B\u00fcrosu, 1997 y\u0131l\u0131ndan beri Ankara merkezli olarak faaliyet g\u00f6stermekte olup yurt i\u00e7inde ve yurt d\u0131\u015f\u0131nda m\u00fcvekkillerine avukatl\u0131k ve hukuki dan\u0131\u015fmanl\u0131k hizmeti vermektedir. Bug\u00fcn itibari ile y\u00fczlerce derdest dava dosyam\u0131z, uyu\u015fmazl\u0131k \u00e7\u00f6z\u00fcm\u00fc ve kurumsal dan\u0131\u015fmanl\u0131k hizmeti verdi\u011fimiz \u015firket, kooperatif ve vak\u0131flar\u0131m\u0131zla birlikte \u00e7al\u0131\u015fmalar\u0131m\u0131z\u0131 y\u00fcr\u00fctmekteyiz. Uzman kadromuz taraf\u0131ndan, &hellip;<\/p>\n<p class=\"read-more\"> <a class=\"\" href=\"https:\/\/candanhukuk.com\/index.php\/hakkimizda\/\"> <span class=\"screen-reader-text\">Hakk\u0131m\u0131zda<\/span> Devam\u0131 &raquo;<\/a><\/p>\n","protected":false},"author":1,"featured_media":0,"parent":0,"menu_order":0,"comment_status":"closed","ping_status":"closed","template":"","meta":{"site-sidebar-layout":"no-sidebar","site-content-layout":"page-builder","ast-main-header-display":"","ast-hfb-above-header-display":"","ast-hfb-below-header-display":"","ast-hfb-mobile-header-display":"","site-post-title":"disabled","ast-breadcrumbs-content":"disabled","ast-featured-img":"disabled","footer-sml-layout":"","theme-transparent-header-meta":"enabled","adv-header-id-meta":"","stick-header-meta":"","header-above-stick-meta":"","header-main-stick-meta":"","header-below-stick-meta":"","footnotes":""},"class_list":["post-393","page","type-page","status-publish","hentry"],"_links":{"self":[{"href":"https:\/\/candanhukuk.com\/index.php\/wp-json\/wp\/v2\/pages\/393","targetHints":{"allow":["GET"]}}],"collection":[{"href":"https:\/\/candanhukuk.com\/index.php\/wp-json\/wp\/v2\/pages"}],"about":[{"href":"https:\/\/candanhukuk.com\/index.php\/wp-json\/wp\/v2\/types\/page"}],"author":[{"embeddable":true,"href":"https:\/\/candanhukuk.com\/index.php\/wp-json\/wp\/v2\/users\/1"}],"replies":[{"embeddable":true,"href":"https:\/\/candanhukuk.com\/index.php\/wp-json\/wp\/v2\/comments?post=393"}],"version-history":[{"count":4,"href":"https:\/\/candanhukuk.com\/index.php\/wp-json\/wp\/v2\/pages\/393\/revisions"}],"predecessor-version":[{"id":1510,"href":"https:\/\/candanhukuk.com\/index.php\/wp-json\/wp\/v2\/pages\/393\/revisions\/1510"}],"wp:attachment":[{"href":"https:\/\/candanhukuk.com\/index.php\/wp-json\/wp\/v2\/media?parent=393"}],"curies":[{"name":"wp","href":"https:\/\/api.w.org\/{rel}","templated":true}]}}